 factor of 18105?
False
Is 24 a factor of 576?
True
Is 1798 a multiple of 12?
False
Is 179 a factor of 75831?
False
Is 7 a factor of 5407?
False
Does 16 divide 6396?
False
Is 39 a factor of 4446?
True
Does 50 divide 7000?
True
Is 5 a factor of 1441?
False
Is 16685 a multiple of 23?
False
Does 40 divide 2751?
False
Does 21 divide 189?
True
Is 5 a factor of 169?
False
Is 29 a factor of 841?
True
Is 15 a factor of 46115?
False
Is 744 a multiple of 31?
True
Is 246 a factor of 1026?
False
Is 10 a factor of 30420?
True
Does 18 divide 360?
True
Is 5 a factor of 3410?
True
Does 29 divide 22852?
True
Is 6 a factor of 566?
False
Does 6 divide 8596?
False
Is 38964 a multiple of 17?
True
Is 415 a multiple of 5?
True
Is 9 a factor of 63?
True
Does 31 divide 4739?
False
Is 9095 a multiple of 34?
False
Is 129 a factor of 26952?
False
Does 33 divide 3366?
True
Is 9 a factor of 2069?
False
Is 49270 a multiple of 45?
False
Is 4434 a multiple of 22?
False
Does 20 divide 731?
False
Is 58 a factor of 2958?
True
Does 77 divide 1695?
False
Is 176 a factor of 8345?
False
Is 157 a factor of 4934?
False
Is 41811 a multiple of 24?
False
Is 23 a factor of 79248?
False
Is 414 a multiple of 9?
True
Is 14 a factor of 24?
False
Does 28 divide 35?
False
Does 62 divide 868?
True
Does 50 divide 4050?
True
Does 26 divide 640?
False
Is 3 a factor of 24?
True
Is 50226 a multiple of 33?
True
Is 10608 a multiple of 136?
True
Is 1351 a multiple of 19?
False
Is 278 a factor of 6115?
False
Does 4 divide 495?
False
Is 321 a factor of 33362?
False
Is 79 a factor of 15247?
True
Is 4 a factor of 1044?
True
Is 6 a factor of 407?
False
Is 42 a factor of 1428?
True
Is 3231 a multiple of 37?
False
Is 1088 a multiple of 47?
False
Is 9 a factor of 1089?
True
Does 17 divide 690?
False
Does 97 divide 21631?
True
Does 81 divide 2573?
False
Is 97 a factor of 7663?
True
Does 9 divide 360?
True
Does 254 divide 34290?
True
Is 52024 a multiple of 15?
False
Is 15 a factor of 3382?
False
Is 624 a multiple of 26?
True
Is 2989 a multiple of 35?
False
Is 42887 a multiple of 13?
True
Does 71 divide 16969?
True
Does 72 divide 26895?
False
Is 8 a factor of 2744?
True
Is 5051 a multiple of 11?
False
Is 52 a factor of 84134?
False
Is 3231 a multiple of 79?
False
Does 7 divide 3563?
True
Is 2247 a multiple of 5?
False
Does 10 divide 8440?
True
Does 23 divide 44436?
True
Is 364 a multiple of 52?
True
Is 14 a factor of 574?
True
Is 5772 a multiple of 39?
True
Is 613 a multiple of 9?
False
Is 2987 a multiple of 21?
False
Does 63 divide 26049?
False
Does 18 divide 26579?
False
Is 36 a factor of 2880?
True
Is 197 a factor of 39794?
True
Is 3393 a multiple of 41?
False
Is 42 a factor of 3077?
False
Is 6302 a multiple of 115?
False
Is 24081 a multiple of 69?
True
Is 19 a factor of 34?
False
Is 36 a factor of 5269?
False
Is 28 a factor of 21564?
False
Is 163 a factor of 55328?
False
Is 9246 a multiple of 7?
False
Is 4384 a multiple of 16?
True
Is 1320 a multiple of 6?
True
Is 14251 a multiple of 11?
False
Does 4 divide 25567?
False
Is 89 a factor of 3106?
False
Is 2610 a multiple of 45?
True
Is 35538 a multiple of 102?
False
Is 154 a multiple of 2?
True
Is 27 a factor of 189?
True
Is 31 a factor of 643?
False
Does 29 divide 291?
False
Is 2448 a multiple of 36?
True
Is 1624 a multiple of 56?
True
Does 94 divide 573?
False
Does 28 divide 135?
False
Is 1446 a multiple of 3?
True
Is 18 a factor of 1926?
True
Does 34 divide 369?
False
Is 56 a factor of 392?
True
Is 19381 a multiple of 270?
False
Does 11 divide 75295?
True
Is 3384 a multiple of 36?
True
Is 34 a factor of 4250?
True
Is 218 a multiple of 90?
False
Does 156 divide 10140?
True
Is 51880 a multiple of 41?
False
Is 11 a factor of 263?
False
Does 36 divide 544?
False
Does 12 divide 27676?
False
Is 59 a factor of 59?
True
Is 36 a factor of 936?
True
Is 210 a multiple of 10?
True
Is 9432 a multiple of 36?
True
Is 12 a factor of 696?
True
Is 12 a factor of 46809?
False
Is 7 a factor of 1281?
True
Does 28 divide 55160?
True
Is 80 a factor of 1200?
True
Is 224 a multiple of 8?
True
Is 8842 a multiple of 69?
False
Is 76 a factor of 5472?
True
Is 896 a multiple of 28?
True
Is 8 a factor of 1824?
True
Does 3 divide 30?
True
Is 114385 a multiple of 21?
False
Is 26 a factor of 10946?
True
Is 43 a factor of 18198?
False
Is 320 a multiple of 2?
True
Is 75 a factor of 6300?
True
Is 4084 a multiple of 44?
False
Is 4237 a multiple of 4?
False
Does 4 divide 1525?
False
Is 57928 a multiple of 7?
False
Does 96 divide 9600?
True
Is 73 a factor of 364?
False
Is 66576 a multiple of 73?
True
Is 9105 a multiple of 22?
False
Is 20 a factor of 1460?
True
Is 9614 a multiple of 19?
True
Does 23 divide 638?
False
Is 52 a factor of 45084?
True
Does 57 divide 684?
True
Does 40 divide 4160?
True
Is 304 a multiple of 16?
True
Is 77 a factor of 616?
True
Does 37 divide 1517?
True
Is 49 a factor of 27803?
False
Does 97 divide 10767?
True
Is 18 a factor of 396?
True
Is 13080 a multiple of 10?
True
Does 50 divide 12950?
True
Is 18968 a multiple of 158?
False
Does 10 divide 1544?
False
Does 4 divide 6128?
True
Is 15 a factor of 9168?
False
Does 3 divide 143?
False
Does 124 divide 9920?
True
Is 1805 a multiple of 5?
True
Is 5279 a multiple of 26?
False
Is 39 a factor of 23868?
True
Is 13 a factor of 6120?
False
Is 32399 a multiple of 41?
False
Is 55506 a multiple of 26?
False
Is 23 a factor of 839?
False
Is 1127 a multiple of 3?
False
Is 70 a factor of 9709?
False
Is 19 a factor of 39596?
True
Is 71024 a multiple of 8?
True
Does 15 divide 3090?
True
Is 17056 a multiple of 8?
True
Is 12495 a multiple of 35?
True
Is 31 a factor of 9466?
False
Is 53 a factor of 24046?
False
Is 13695 a multiple of 83?
True
Does 158 divide 33478?
False
Is 16 a factor of 99733?
False
Is 34 a factor of 238?
True
Is 344 a multiple of 86?
True
Is 83 a factor of 13861?
True
Does 46 divide 2070?
True
Is 108 a multiple of 9?
True
Is 6 a factor of 48588?
True
Is 7 a multiple of 5?
False
Is 1080 a multiple of 90?
True
Is 1795 a multiple of 34?
False
Is 4 a factor of 632?
True
Is 256 a multiple of 32?
True
Is 625 a multiple of 186?
False
Is 14818 a multiple of 9?
False
Is 3 a factor of 104?
False
Is 43 a factor of 1680?
False
Is 127 a factor of 11875?
False
Does 9 divide 36?
True
Is 1172 a multiple of 71?
False
Does 78 divide 2262?
True
Is 3003 a multiple of 21?
True
Is 219 a factor of 4221?
False
Is 7761 a multiple of 85?
False
Is 16 a factor of 1137?
False
Is 905 a multiple of 33?
False
Is 959 a multiple of 7?
True
Does 35 divide 1470?
True
Does 9 divide 415?
False
Does 107 divide 2670?
False
Is 26 a factor of 390?
True
Is 142 a factor of 15141?
False
Is 86 a factor of 9342?
False
Does 11 divide 682?
True
Does 63 divide 50904?
True
Is 2 a factor of 36?
True
Does 10 divide 1488?
False
Does 47 divide 815?
False
Does 37 divide 344?
False
Does 6 divide 630?
True
Does 111 divide 4329?
True
Does 112 divide 10620?
False
Does 9 divide 27842?
False
Is 11 a factor of 27291?
True
Is 555 a multiple of 78?
False
Is 100 a factor of 2616?
False
Is 1536 a multiple of 16?
True
Is 48 a factor of 985?
False
Is 58 a factor of 801?
False
Is 7 a factor of 706?
False
Is 11 a factor of 144?
False
Does 11 divide 69522?
False
Is 3 a factor of 235?
False
Does 190 divide 29562?
False
Does 153 divide 2448?
True
Is 48 a factor of 8312?
False
Is 6 a factor of 15204?
True
Is 3815 a multiple of 109?
True
Does 65 divide 4420?
True
Is 1018 a multiple of 32?
False
Is 12 a factor of 5159?
False
Does 22 divide 378?
False
Is 277 a factor of 36162?
False
Is 29 a factor of 116?
True
Is 27 a factor of 11955?
False
Is 4429 a multiple of 103?
True
Does 37 divide 518?
True
Does 32 divide 124352?
True
Does 8 divide 896?
True
Is 10854 a multiple of 64?
False
Is 75240 a multiple of 165?
True
Does 5 divide 2016?
False
Does 3 divide 117?
True
Is 312 a multiple of 26?
True
Is 14 a factor of 13020?
True
Is 1196 a multiple of 65?
False
Does 18 divide 6750?
True
Is 2079 a multiple of 11?
True
Is 9 a factor of 115828?
False
Is 6099 a multiple of 57?
True
Does 149 divide 1349?
False
Is 238 a multiple of 14?
True
Is 10 a factor of 3410?
True
Is 4068 a multiple of 71?
False
Does 5 divide 938?
False
Is 36 a factor of 720?
True
Is 24 a factor of 31616?
False
Is 156 a multiple of 4?
True
Do